s divided by 19.
8
Calculate the remainder when 1074 is divided by 181.
169
What is the remainder when 332 is divided by 25?
7
Calculate the remainder when 872 is divided by 195.
92
Calculate the remainder when 13471 is divided by 77.
73
What is the remainder when 495 is divided by 23?
12
Calculate the remainder when 97 is divided by 10.
7
What is the remainder when 92 is divided by 25?
17
Calculate the remainder when 1137 is divided by 76.
73
Calculate the remainder when 292 is divided by 89.
25
What is the remainder when 2127 is divided by 141?
12
Calculate the remainder when 117 is divided by 3.
0
Calculate the remainder when 5 is divided by 1.
0
What is the remainder when 164 is divided by 22?
10
Calculate the remainder when 10432 is divided by 72.
64
What is the remainder when 1442 is divided by 104?
90
What is the remainder when 11334 is divided by 53?
45
Calculate the remainder when 17858 is divided by 38.
36
What is the remainder when 3016 is divided by 6?
4
Calculate the remainder when 277 is divided by 136.
5
Calculate the remainder when 111 is divided by 55.
1
Calculate the remainder when 55 is divided by 27.
1
Calculate the remainder when 57 is divided by 4.
1
Calculate the remainder when 154 is divided by 12.
10
Calculate the remainder when 562 is divided by 60.
22
What is the remainder when 316 is divided by 54?
46
What is the remainder when 113 is divided by 58?
55
Calculate the remainder when 1899 is divided by 17.
12
Calculate the remainder when 2784 is divided by 1390.
4
What is the remainder when 2614 is divided by 24?
22
Calculate the remainder when 107 is divided by 19.
12
What is the remainder when 47 is divided by 26?
21
What is the remainder when 2491 is divided by 125?
116
What is the remainder when 1665 is divided by 49?
48
What is the remainder when 13294 is divided by 122?
118
What is the remainder when 268 is divided by 18?
16
Calculate the remainder when 1338 is divided by 9.
6
Calculate the remainder when 150 is divided by 51.
48
What is the remainder when 102 is divided by 44?
14
What is the remainder when 2565 is divided by 1269?
27
Calculate the remainder when 2174 is divided by 145.
144
Calculate the remainder when 720 is divided by 143.
5
What is the remainder when 94 is divided by 88?
6
Calculate the remainder when 816 is divided by 64.
48
What is the remainder when 262 is divided by 106?
50
Calculate the remainder when 2997 is divided by 24.
21
What is the remainder when 35593 is divided by 13?
12
Calculate the remainder when 765 is divided by 54.
9
What is the remainder when 422 is divided by 2?
0
Calculate the remainder when 335 is divided by 68.
63
What is the remainder when 1627 is divided by 37?
36
Calculate the remainder when 100 is divided by 21.
16
Calculate the remainder when 119 is divided by 70.
49
Calculate the remainder when 146 is divided by 26.
16
Calculate the remainder when 3199 is divided by 3.
1
What is the remainder when 293 is divided by 33?
29
What is the remainder when 1850 is divided by 326?
220
Calculate the remainder when 320 is divided by 66.
56
What is the remainder when 33 is divided by 19?
14
Calculate the remainder when 1031 is divided by 13.
4
Calculate the remainder when 20 is divided by 5.
0
What is the remainder when 822 is divided by 15?
12
Calculate the remainder when 27 is divided by 4.
3
Calculate the remainder when 9497 is divided by 59.
57
Calculate the remainder when 37 is divided by 25.
12
What is the remainder when 152 is divided by 48?
8
What is the remainder when 381 is divided by 69?
36
Calculate the remainder when 114 is divided by 12.
6
What is the remainder when 66 is divided by 31?
4
What is the remainder when 191 is divided by 39?
35
Calculate the remainder when 5354 is divided by 489.
464
What is the remainder when 857 is divided by 145?
132
Calculate the remainder when 221 is divided by 28.
25
What is the remainder when 265 is divided by 7?
6
What is the remainder when 477 is divided by 58?
13
What is the remainder when 96 is divided by 34?
28
What is the remainder when 1517 is divided by 49?
47
What is the remainder when 314 is divided by 177?
137
Calculate the remainder when 412 is divided by 26.
22
Calculate the remainder when 1333 is divided by 298.
141
Calculate the remainder when 151 is divided by 45.
16
What is the remainder when 38 is divided by 25?
13
What is the remainder when 124 is divided by 113?
11
What is the remainder when 567 is divided by 70?
7
What is the remainder when 1173 is divided by 96?
21
What is the remainder when 503 is divided by 170?
163
What is the remainder when 57 is divided by 14?
1
Calculate the remainder when 224 is divided by 107.
10
Calculate the remainder when 56790 is divided by 427.
426
What is the remainder when 177 is divided by 49?
30
Calculate the remainder when 1285 is divided by 76.
69
Calculate the remainder when 45 is divided by 42.
3
What is the remainder when 233 is divided by 17?
12
Calculate the remainder when 712 is divided by 236.
4
Calculate the remainder when 647 is divided by 65.
62
What is the remainder when 2247 is divided by 286?
245
What is the remainder when 231 is divided by 125?
106
What is the remainder when 133 is divided by 9?
7
Calculate the remainder when 12247 is divided by 35.
32
What is the remainder when 2209 is divided by 67?
65
What is the remainder when 152 is divided by 80?
72
What is the remainder when 233 is divided by 13?
12
Calculate the remainder when 284 is divided by 144.
140
What is the remainder when 165 is divided by 21?
18
What is the remainder when 32 is divided by 13?
6
Calculate the remainder when 171 is divided by 43.
42
What is the remainder when 137 is divided by 48?
41
Calculate the remainder when 142 is divided by 4.
2
What is the remainder when 160 is divided by 62?
36
Calculate the remainder when 1006 is divided by 51.
37
Calculate the remainder when 5696 is divided by 100.
96
What is the remainder when 612 is divided by 14?
10
Calculate the remainder when 47 is divided by 29.
18
Calculate the remainder when 5611 is divided by 104.
99
What is the remainder when 33 is divided by 21?
12
What is the remainder when 969 is divided by 54?
51
Calculate the remainder when 5664 is divided by 405.
399
Calculate the remainder when 48143 is divided by 266.
263
What is the remainder when 118 is divided by 36?
10
What is the remainder when 1614 is divided by 95?
94
What is the remainder when 1052 is divided by 262?
4
Calculate the remainder when 118 is divided by 10.
8
Calculate the remainder when 218 is divided by 142.
76
Calculate the remainder when 184 is divided by 48.
40
Calculate the remainder when 362 is divided by 31.
21
Calculate the remainder when 147 is divided by 75.
72
What is the remainder when 1560 is divided by 44?
20
Calculate the remainder when 191 is divided by 103.
88
What is the remainder when 14 is divided by 5?
4
What is the remainder when 502 is divided by 102?
94
What is the remainder when 224 is divided by 121?
103
Calculate the remainder when 674 is divided by 62.
54
Calculate the remainder when 2247 is divided by 10.
7
Calculate the remainder when 228 is divided by 26.
20
What is the remainder when 612 is divided by 203?
3
What is the remainder when 99 is divided by 17?
14
Calculate the remainder when 59 is divided by 21.
17
What is the remainder when 1051 is divided by 118?
107
Calculate the remainder when 308 is divided by 26.
22
What is the remainder when 169 is divided by 9?
7
What is the remainder when 91 is divided by 41?
9
Calculate the remainder when 694 is divided by 13.
5
Calculate the remainder when 104 is divided by 27.
23
Calculate the remainder when 599 is divided by 20.
19
Calculate the remainder when 2397 is divided by 17.
0
Calculate the remainder when 115 is divided by 9.
7
What is the remainder when 36 is divided by 10?
6
What is the remainder when 635 is divided by 7?
5
Calculate the remainder when 44253 is divided by 7.
6
What is the remainder when 1493 is divided by 34?
31
What is the remainder when 2324 is divided by 31?
30
What is the remainder when 284 is divided by 26?
24
What is the remainder when 1861 is divided by 98?
97
Calculate the remainder when 2328 is divided by 53.
49
Calculate the remainder when 107 i